pose -24 = -k*w + w. Calculate the remainder when w is divided by 5.
4
What is the remainder when 32 is divided by (-9)/3*19*5/(-15)?
13
Suppose -14*c + 9*c + 570 = 0. What is the remainder when c is divided by 29?
27
Suppose 26 + 29 = 5*q. Calculate the remainder when q is divided by 7.
4
Calculate the remainder when 94 is divided by 17/68*(1 + 75).
18
Suppose 0 = 3*r - 4*r. Suppose -4*j = -r*j - 3*t - 34, 4*j - 2*t - 32 = 0. Calculate the remainder when 18 is divided by j.
4
Suppose 10*i - 10 = 5*i, 0 = -2*k + 4*i + 74. What is the remainder when k is divided by (-10 - -1)*14/(-6)?
20
Let x be ((-22)/(-8) + -2)*-4. Let r = 14 + -9. What is the remainder when -1*(-1)/x*-57 is divided by r?
4
Let g(f) be the first derivative of -5/2*f**2 + 3*f - 1/3*f**3 + 1/4*f**4 + 2. What is the remainder when g(4) is divided by 8?
7
Let b = 2 + 6. Suppose 7 = 3*f - b. What is the remainder when 8 is divided by f?
3
Let h = -11 + 22. Suppose 5*t = 4 + 16. What is the remainder when h is divided by t/7*(6 + 1)?
3
Let f = 16 - 9. Let x(w) = w + 1. Calculate the remainder when 14 is divided by x(f).
6
Suppose -5*i + 5*q + 129 = -216, -4*i - 3*q + 311 = 0. Suppose 3*k = 4*m - k - 72, 2*k = m - 17. Calculate the remainder when i is divided by m.
17
Let l = 12 + 1. What is the remainder when 36 is divided by l?
10
Let k be (30 - (0 + 0)) + -1. Suppose -k = -2*u + 3*x, -u + 6*u - 50 = 3*x. Let n = 7 + u. What is the remainder when 41 is divided by n?
13
Let b(q) be the third derivative of -17*q**4/24 - q**3/6 - q**2. Calculate the remainder when b(-1) is divided by 6.
4
Let i = 3 - 3. Suppose i*m = 5*m - 190. Suppose -7*f + 2*f - 3*h = -m, -2*h + 16 = 2*f. Calculate the remainder when 19 is divided by f.
5
Let q = -19 - 7. Let s = q - -54. Suppose -3*r = r - s. What is the remainder when 19 is divided by r?
5
Let c(m) = m**3 + 8*m**2 + 6*m - 9. Calculate the remainder when 107 is divided by c(-6).
26
Suppose -f = 4*f + 4*n - 235, 117 = 2*f - 3*n. What is the remainder when f is divided by 13?
12
Let b(x) = -x**3 + 7*x**2 - 6*x - 7. Calculate the remainder when b(5) is divided by 8.
5
Let q = 13 - 5. Let j = 16 - 11. Calculate the remainder when q is divided by j.
3
Let f(z) = -2*z**2 + 18*z - 11. Calculate the remainder when f(5) is divided by 12.
5
Suppose -3*l + 29 = 5*n - 17, 4*n - 27 = -l. Let f = 9 - l. Calculate the remainder when 3 is divided by f.
1
Suppose -16*t = -45 - 19. What is the remainder when 21 is divided by t?
1
Let n = -26 - -39. Calculate the remainder when 51 is divided by n.
12
Let y(h) = 23*h**3 + h**2 - h - 1. Let s be y(-1). Let u = -37 - s. Let a = 79 + u. What is the remainder when a is divided by 22?
20
Let m be ((-29)/(-3) - 34/51) + 0. Suppose 4*l = -p - 23, 4 + 12 = -2*l - 2*p. Let v = m + l. What is the remainder when 15 is divided by v?
3
Suppose 31 = z - 3. What is the remainder when z is divided by 25?
9
Suppose -33 - 6 = -3*t. Calculate the remainder when t is divided by 5.
3
Suppose 0*y - 2*y + 5*k = -33, 4*y + k = 33. Let w = y + 0. Calculate the remainder when w is divided by 3.
0
Let m = -47 + -2. Let d = 74 + m. Calculate the remainder when d is divided by 7.
4
Let a be 18/(-8) + 1/4. Let z(v) = -4*v - 2. Let h be z(a). What is the remainder when 22 is divided by (h/10 - 1)*-20?
6
Suppose 0*b + 4*b = -40. Let f(m) = -m**3 - 11*m**2 - 11*m - 3. Calculate the remainder when f(b) is divided by 5.
2
Let t = -46 + 23. Let s = t - -39. Calculate the remainder when s is divided by 10.
6
Let r(t) = t + 23. What is the remainder when 18 is divided by r(-16)?
4
Let z be (-1)/(-4) + (-14)/(-8). Suppose z*q - 5 = 3. Let b = 0 + q. Calculate the remainder when 7 is divided by b.
3
Let o(f) = -3*f**2 + 4 + 0*f**2 + 4*f**2 - 8*f. Let x be o(7). Let r = x + 20. What is the remainder when 32 is divided by r?
15
Let u(n) = -n**2 + 13*n - 4. Suppose 0 = o + 2*o - 63. Calculate the remainder when o is divided by u(12).
5
Let d = -5 + 7. What is the remainder when d is divided by 1?
0
Suppose -2*x + 100 = 82. What is the remainder when (-1)/(-1 - (-51)/52) is divided by x?
7
Let b be (-4)/4 + 0 + -14. Suppose -3*g = 5*k + g - 20, 3*k + 3*g = 9. What is the remainder when k is divided by 1*(-5)/(b/9)?
2
What is the remainder when 15 is divided by -1*(-32)/(-2 - -6)?
7
Suppose 5*w - 230 = 5*k, -5*w - 2*k + 3*k + 234 = 0. What is the remainder when w is divided by 12?
11
Suppose 0 = -w - 3*i + 26 - 7, 5*w = i + 111. Calculate the remainder when w is divided by 8.
6
Let p(r) = -4*r**3 + r - 5*r**2 + r + 6*r**3 - 6 - r**3. What is the remainder when 6 is divided by p(5)?
2
Calculate the remainder when ((-28)/(-6))/(16/72) is divided by 8.
5
Suppose 3 = 2*m - 4*z - 43, -m + 5*z + 20 = 0. Suppose 8*h - 3*h = 3*c - 79, 0 = 5*h + m. What is the remainder when 52 is divided by c?
16
Suppose -1 - 4 = -k, 3*s + 110 = -2*k. Let p = 15 - s. Suppose 7*x - 2*x - p = 0. Calculate the remainder when 21 is divided by x.
10
Let x(d) = d**3 + 9*d**2 - 2*d - 10. What is the remainder when x(-9) is divided by 4?
0
Suppose 2*v = -s + 9, -6 = -4*v + s + 15. Let o = 12 - 5. Calculate the remainder when 54/o + (-8)/(-28) is divided by v.
3
Let m be (-358)/(-2 + 0/1). Suppose -3*y + 915 = 2*y. Suppose 5*c - 3*g - m = 0, c + g + y = 6*c. What is the remainder when c is divided by 13?
11
Suppose 0 = 2*u + 3*k - 31, -4*u + 2*k + 64 = -6. Let j = u - 7. Calculate the remainder when j is divided by 4.
2
Let u be (76/(-2))/(-2*1). Let t = u - 2. What is the remainder when t is divided by 6?
5
Let w = -5 - -17. Calculate the remainder when 35 is divided by w.
11
Let l be ((-12)/9)/((-10)/465). Let h = l + -27. Calculate the remainder when h is divided by 9.
8
Let s(i) = i**3 + 7*i**2 - 9*i + 1. Let w be -12*4/(-30)*-5. Calculate the remainder when 14 is divided by s(w).
5
Let k be 6/(-4) - 28/(-8). Suppose -2*v + 2 = -k. Suppose -2*i - 3*a = -17, 0*i - v*i = -4*a + 4. Calculate the remainder when i is divided by 2.
0
Let z = -3 + 6. Let a = -5 - -8. Suppose -a*c = -z*m - 48, -8 = c - 2*c - 3*m. Calculate the remainder when c is divided by 8.
6
Let q = 12 + -10. Let k be (2/8)/((-3)/(-12)). Suppose y = -z - 4 + 12, 3*y + k = 2*z. What is the remainder when y is divided by q?
1
Let o = 13 - 22. What is the remainder when 26 is divided by o/(-6) - 15/(-2)?
8
Let u = 2 + -3. Let m = 2 - u. Suppose -35 = -m*c - 14. What is the remainder when 20 is divided by c?
6
Let i be 9/36 + (-253)/4. Calculate the remainder when (-301)/i + 2/9 is divided by 3.
2
Let t(b) be the second derivative of -b**5/20 - 5*b**4/12 - b**3/6 - 3*b**2/2 - 3*b. What is the remainder when 7 is divided by t(-5)?
1
Let q(b) = -4*b + 7. Calculate the remainder when q(-7) is divided by 20.
15
Let c = 6 - -16. Calculate the remainder when 41 is divided by c.
19
Let y = 62 + -46. What is the remainder when 55 is divided by y?
7
What is the remainder when 21 is divided by (-1)/3*-59 + 17/51?
1
Let b be -9*5/((-45)/168). Suppose 5*x - 192 = 3*f - 6, -4*x = 4*f - b. Calculate the remainder when x is divided by 14.
11
Suppose 3*i - x = i + 32, -5*i + 80 = 5*x. Suppose -5*t - 50 + 205 = 0. What is the remainder when t is divided by i?
15
Let r(g) = 14*g**2. Calculate the remainder when r(-2) is divided by 19.
18
Suppose -7*a + 92 = -5*a. What is the remainder when a is divided by 12?
10
Let m = 262 + -110. What is the remainder when m is divided by 31?
28
Let c = -4 - -4. Suppose 3*h + 0*h - 15 = c. Calculate the remainder when 16 is divided by h.
1
What is the remainder when (-16)/72 - (-614)/9 is divided by 14?
12
Suppose 0 = 4*z - 31 - 9. Let f(b) = -b**3 + 3*b**2 + 2*b - 2. What is the remainder when z is divided by f(3)?
2
Let v be 4/(-6)*45/(-6). Let n = v + 1. Let o = 17 + -6. What is the remainder when o is divided by n?
5
Let d be 6/(-2) - (-112 + -4). Suppose -d = -5*q + 22. What is the remainder when q is divided by 10?
7
Suppose 5*n + 2*p + 19 - 226 = 0, 0 = 3*n - 2*p - 137. What is the remainder when n is divided by 23?
20
Let r(x) = 3*x - 9. Calculate the remainder when 10 is divided by r(4).
1
Suppose h + 3*f = 19 - 4, 0 = h + 5*f - 19. Let k be (-6)/h*3*-1. Suppose -4 = -4*v + k*v. What is the remainder when 4 is divided by v?
0
Suppose -4*r + r = -21. Let h(y) = y**3 - 7*y**2 + 2*y - 3. Let s(b) = 2*